+ 2*y = 10*g - 14728. Is g a prime number?
False
Suppose 5*c = -3*s + 38276, 16*s - 4*c = 13*s + 38267. Is s a prime number?
True
Let j(t) = t**2 + 2*t - 1. Let u be j(-2). Let o(m) = -261*m + 2. Is o(u) a prime number?
True
Suppose 5*a - y = 3626, 4*a + 3*y - 3802 = -905. Let l = a + 390. Is l a composite number?
True
Let i be (-3)/(-15) + (-18)/15. Let b(j) = j**2 + 2*j + 1. Let u be b(i). Suppose g - 3*c + 4*c = 418, u = -c + 3. Is g composite?
True
Suppose -25*f + 5223 = j - 29*f, -5234 = -j - 7*f. Is j a composite number?
False
Let b = -30 - -32. Suppose -b*r = 4*j - 772, 2*r + 116 + 67 = j. Is j a composite number?
False
Let t(c) = 30*c**2 - 11*c - 61. Is t(12) a prime number?
True
Let o = -5 - -13. Let n be (-2)/o - 84/(-16). Suppose -619 = -5*s + 4*m, n*s + 5*m - 655 = -0*m. Is s a composite number?
False
Let h(n) = -2*n**2 - 2*n + 7. Let y be h(9). Let q = y + 252. Is q a prime number?
True
Let z be (20908/10 - 3) + 1/5. Let r = z - 1421. Is r composite?
True
Suppose -128*a + 130*a = 30518. Is a prime?
True
Is (1186/(-4) + 3)*-122 composite?
True
Let u(o) = -o**3 - 7*o**2 - 4*o - 7. Let z be (-2)/6 + (-52)/6. Is u(z) prime?
True
Suppose d + 7944 = 5*u, -239 = -3*d - 236. Is u prime?
False
Suppose 9*j + 16 = -n + 4*j, 16 = 3*n - j. Let h be 430/3 + (-2)/6. Suppose -n*a - 3*o = -206, -5*a + h + 112 = 5*o. Is a prime?
True
Suppose -22*m - 124 = -23*m. Suppose 4*n = 28 + m. Is n composite?
True
Suppose 30128 = -12*l + 595460. Is l composite?
False
Let s = 104232 + 57729. Is s composite?
True
Let h = -31 + 34. Suppose -2*y = h*y - 4745. Let v = 1914 - y. Is v a composite number?
True
Let q(a) = 23*a**2 - 28*a - 220. Is q(-9) composite?
True
Suppose -38797 = -16*v + 24739. Let x = v + -2694. Is x composite?
False
Let o be 5 - 3 - 0*3/(-6). Suppose -1020 - 610 = -o*z. Is z prime?
False
Suppose -9 = -164*n + 161*n. Suppose 4*t + g = 6406, n*g + 4797 = 2*t + t. Is t composite?
False
Suppose 5*x + 18 = 7*x. Suppose 5*b + 1172 = x*b. Is b a composite number?
False
Let r = 1380 - -2821. Is r composite?
False
Suppose 0 = -l + 5, -2*y + 5*l = -363350 + 57461. Is y a prime number?
False
Suppose -2*u + u - 4*a = -20903, 0 = u - 2*a - 20885. Is u a prime number?
False
Let a(w) = -2*w**3 - 5*w**2 + 20*w + 18. Is a(-7) composite?
True
Let i(t) = t**3 - 154 + 0*t**2 - 8*t + 161 - 4*t**2. Is i(6) composite?
False
Let n be (67/(-4))/(1/(-4)). Suppose 0 = 4*v + n + 173. Is 1 - (1 + 2 + v) prime?
False
Is (-10)/(-4)*(-71652)/(-70) a composite number?
True
Let r(l) = 101*l**2 + 3. Is r(-2) a prime number?
False
Let l be (-104)/91*(-14)/4. Suppose -l*q - 2*t + 4154 = 0, 4*q + 0*t - 4144 = -4*t. Is q a composite number?
True
Suppose -7 = -2*y - 1. Suppose y*c - 8616 + 1885 = 2*x, -4*c - 3*x + 8969 = 0. Is c composite?
False
Suppose 0 = -4*v + 2 + 74. Let d = v + -15. Suppose 0*b + d*l = 4*b - 40, -4*b = l - 65. Is b a composite number?
True
Let b be ((-51)/(-15) - 3)*5. Let j(r) = -10*r**b + 88*r**2 + 33 - 18 + 2*r - 16. Is j(1) a prime number?
True
Suppose 10*p - 370 = 12*p. Let d = p + 364. Is d composite?
False
Let y = 580 - 345. Let n be 21*1*15*(-4)/9. Let s = n + y. Is s prime?
False
Suppose 2*x + 2*u - 5332 = 0, -3*x + 0*u - u + 8004 = 0. Is x a composite number?
True
Suppose 8*a = 17*a - 148023. Is a prime?
True
Let w be 51/9 + 10/(-15). Is (3 - w) + 513/1 a composite number?
True
Suppose -602 = -2*y + 160. Suppose -2*i + y = i. Is i prime?
True
Suppose 0 = 3*r - 5*r + 30. Suppose -r = 3*z, -3*s - 4*z = -0*s - 445. Is s prime?
False
Let u = -32 - -31. Is (2/6*u)/(27/(-154953)) prime?
True
Suppose -13*x + 2600 + 2886 = 0. Is x composite?
True
Let a = -3468 - -6551. Is a prime?
True
Suppose 0 = 5*d - 3*d. Suppose 0 = -v - d*v + 5. Suppose 7*x = 2*x - 5*o + 605, v*o = -3*x + 363. Is x a composite number?
True
Is 448662/20 + (-50)/500 composite?
False
Let b(v) = 181*v + 101. Is b(6) a composite number?
False
Suppose -3*i = 6, 4*i - 11438 = -0*g - 2*g. Is g composite?
True
Is (-2)/(4200/(-2075) + 1 + 1) a prime number?
True
Let j be ((-6)/3 + 2)/(-2). Let s(d) = -4*d + 919. Is s(j) composite?
False
Let x(k) = 3*k + 7. Let l be x(-3). Is -2*l/4*31 composite?
False
Let j be (2 - -4)/(6/3556). Suppose -22*a = -18*a - j. Is a a prime number?
False
Is ((-33742)/4)/(2 + (-5)/2) a prime number?
True
Let j be (-6)/9 - (-98)/21. Let q = 9 - j. Suppose 0 = -6*p + q*p + 21. Is p composite?
True
Is 118/(-24) + 19/(-228) + 1192 a prime number?
True
Let w(g) = g**3 + 3*g**2 - g - 1. Suppose u + 30 = -5*u. Let p be w(u). Is -1*(p*1 + 3) a composite number?
False
Let s(p) = 6*p**2 - 1. Let t be s(-1). Suppose -5*d + i + 40 = -2*i, t*i = 0. Suppose -14 = -2*h + d. Is h composite?
False
Let j = -33 - -87. Suppose j = -3*l + 147. Is l composite?
False
Let m(f) = 5679*f + 40. Is m(3) composite?
False
Suppose -3*h = -3 - 3. Suppose -h*d + 75 = 3*d. Is d a prime number?
False
Let i(p) = p**2 - 8*p + 9. Let o be i(7). Suppose -o*g + 431 = 3*y, 0 = -2*g + 5*y - 48 + 455. Is g composite?
False
Let d = -673 + 1044. Let p = 800 + d. Is p a composite number?
False
Is (3/6)/(2/27988) a prime number?
True
Let r(z) = -9*z + 1. Suppose 0 = -2*u + 3*u + 1. Let j be r(u). Suppose 2*h = j + 184. Is h prime?
True
Suppose 2*u = 3*k - k - 105652, -u + 5 = 0. Is k prime?
False
Suppose 12*t - 8*t - 92 = 0. Suppose 0 = f - t - 9. Let b = f - 29. Is b a composite number?
False
Is 112/8 - 7 - -3658 composite?
True
Let g(y) = 4*y**3 + 83. Is g(30) a composite number?
True
Suppose 34*m + 4923 = 31*m. Let j = m + 2542. Is j a prime number?
False
Let y = 22588 + 43965. Is y a composite number?
False
Suppose 0 = 3*v + t - 11, -3*v - 2*t + 6 = -7. Let a(h) = 52*h**3 + h**2 + 3*h + 3. Let l be a(v). Suppose -l = -5*o + 340. Is o composite?
False
Suppose 3*x + 18 - 1 = m, -4*m + 20 = 0. Is ((-16)/(-28))/(x/(-9814)) composite?
True
Let h(c) be the third derivative of 23*c**5/10 - c**4/12 + c**3/6 - 2*c**2. Let l be h(1). Suppose 5*u + l = 2*k + 41, -8 = -2*u. Is k composite?
True
Let h = -119 - -1473. Let g = -695 + h. Is g a composite number?
False
Let b = 522 - 311. Is b a prime number?
True
Let g = -18 - -8. Let d = 12 + g. Is d*2*771/12 a composite number?
False
Suppose -2*u + 5086 = 300. Is u a composite number?
False
Let i be 1344/4 + 3/1. Suppose -x - 2*x = -i. Let u = x - 4. Is u a prime number?
True
Let m(w) = -308*w - 13. Let d be m(-6). Suppose 2*i = 3*i - d. Is i prime?
False
Suppose 3*z - 92 = 2653. Suppose -x = -j + x + z, -4*j = 4*x - 3600. Suppose -j = -4*o + 771. Is o a composite number?
False
Let y(j) = 147*j**2 + 14*j - 3. Is y(-8) prime?
True
Suppose 12456 = -4*j - 4*c, -4*j - 5*c = -0*c + 12454. Let t = -2157 - j. Is t prime?
False
Suppose -5*n - 12 = -47. Suppose -n*j + 12*j = 635. Is j prime?
True
Let x(m) = -147*m - 136. Is x(-9) a composite number?
False
Let r(l) = 4*l**2 + 18*l - 8. Let g be r(-8). Suppose -1941 = -5*t + g. Is t a composite number?
False
Suppose -3*x + 758 = -2*w, 5*x - 4*w - 1273 = -9. Let i = -488 + x. Let o = i + 421. Is o composite?
True
Let n(x) = -x**3 - 13*x**2 + 2*x + 10. Let q be n(-11). Let h = 379 + q. Suppose 5*f - 680 = h. Is f prime?
False
Let k = 2660 + -94. Suppose k = -r + 7763. Is r a composite number?
False
Suppose -2 + 0 = 4*i + 5*h, -3*h - 8 = -i. Suppose -i*q - 3*q = -1775. Is q a composite number?
True
Let q(y) = -19*y**3 - 9*y**2 + 17*y + 1. Is q(-8) composite?
True
Let w be (-57)/(-76) + 262/(-8). Let r = -47 - w. Is (0 - 201/r)*5 prime?
True
Is 1074/54*1077 - (-4)/6 prime?
False
Let b(a) = -13*a**2 - 11*a - 27. Let u be b(10). Let p = u + 2524. Is p prime?
True
Suppose -18*k + 23*k = 10. Suppose k*o = -c + 701, 5*c - 658 = -3*o + 376. Is o prime?
True
Let z be 2*((-3)/1 - 22/(-4)). Let n = 0 - 0. Suppose -h + 52 = -z*c - 112, 2*h - 2*c - 304 = n. Is h prime?
True
Let a(h) = -4024*h + 95. Is a(-12) a prime number?
True
Suppose 3*q - 4 - 29 = 0. Let x be 1*((5 - 4) + q). Is (-1 - 3)*(-1671)/x a prime number?
True
Suppose 0 = 5*n - 130943 - 100692. Is n composite?
False
Suppose 37*d = 54*d - 46257. Is d a prime number?
False
Suppose 7*z = -4624 + 47933. Let u = z + -3593. Is u a prime number?
False
Suppose 2*o + 2 - 6 = 0. Suppose w - o*w = -4. Is (-2)/(-2)*348/w prime?
False
Suppose -2*g + 1 - 15 = 0. Is 1/((-2)/(-2372)*(-7)/g) prime?
Fal